culate the remainder when 822 is divided by l.
7
Let p = 24726 + -23962. What is the remainder when p is divided by 315?
134
Let z(m) = 6*m**2 + 6*m - 36. Let n be z(-7). Suppose n = 181*r - 172*r. Calculate the remainder when r is divided by (10/(-6))/((-2)/18).
9
Suppose -8*g = 30 + 10. Let u = g + 74. What is the remainder when u is divided by 37?
32
Suppose 3131 = -40*x + 71251. Calculate the remainder when x is divided by 142.
141
Calculate the remainder when 257 is divided by 174/(-754)*2795/(-5).
128
Let w(x) = x**2 + 9*x + 15. Let q be -16*(-8 - 68/(-8)). Calculate the remainder when 38 is divided by w(q).
3
Suppose -3*i + 48 = 3*k, -5*k + 422 = 437. What is the remainder when 1167 is divided by i?
8
Let k(t) = -7*t**2 - t + 9. Let u be k(7). Let f = u + 573. What is the remainder when f is divided by 13?
11
Let q = -352 + 379. Let w be -2 - 1 - 21/(-3). Suppose 57 = w*v + 17. Calculate the remainder when q is divided by v.
7
Suppose 4*p - 504 = -2*q - 2*q, 3*q - 5*p - 322 = 0. What is the remainder when q is divided by 33?
20
Suppose 4*y - 17 = 103. Let c be (-6)/(-4) - (12/8 + -3). Suppose 2*n = -c*b + 31, -4*n = 3*b + b - 40. Calculate the remainder when y is divided by b.
8
Let v(s) = s**3 - 69*s**2 + 342*s + 13. What is the remainder when 257 is divided by v(5)?
11
Suppose -96 = 5*o - 2*o. Let w = o - -51. Suppose -2*x + w = -13. Calculate the remainder when x is divided by 10.
6
Let w be (-3)/(1*(-3)/1). Let t = w + 10. Let x = -52 - -56. What is the remainder when t is divided by x?
3
Let u(o) be the third derivative of 8*o**2 + 2/3*o**3 + 0 + 0*o - 13/12*o**4. Calculate the remainder when u(-2) is divided by 19.
18
Let o = 394 - 685. Calculate the remainder when 176 is divided by 6/5*(-6305)/o.
20
Let x = -7 + 23. Suppose 0 = -217*d + 213*d - 12. Let b(m) = -25*m - 30. What is the remainder when b(d) is divided by x?
13
Suppose -233 + 43 = -5*k + 3*d, 170 = 5*k + d. Suppose 1659 = k*b + 364. What is the remainder when 133 is divided by b?
22
Suppose 1210 = -9*q + 5692. What is the remainder when q is divided by 184?
130
Suppose 8*w - 287 = -5*i + 11*w, -4*w = -4. Suppose i + 96 = 11*l. Calculate the remainder when 8/6*1*30 is divided by l.
12
Let g(i) = 7109*i**2 - 27*i - 25. What is the remainder when g(-1) is divided by 14?
13
Suppose -5*u + 49 = -z, -147 = 2*z + z - u. Let c = -9 - z. Suppose -6*a = -a + 5*v - 40, -c = -5*a + 4*v. What is the remainder when 39 is divided by a?
7
Suppose 111*s = -3*v + 114*s + 11511, 2*s = 4*v - 15334. Calculate the remainder when v is divided by 8.
6
Let n = 107 + -104. Let d(y) = -19*y + n*y**2 - y**3 - 3*y + 9*y - 3. What is the remainder when d(-6) is divided by 50?
49
Suppose -4*a - 4*z - 352 = 0, -2*z + 680 = -5*a + 233. Let w = a - -149. Calculate the remainder when w/(-8)*((-4)/(-5))/(-1) is divided by 6.
0
Suppose 57*c - 59*c = -360. Suppose 81*p - 78*p = c. What is the remainder when 236 is divided by p?
56
Let x(p) = -68*p - 103. Calculate the remainder when x(-5) is divided by 237.
0
Calculate the remainder when (-2)/12 - 169786/(-276) is divided by 60.
15
Let g = -41 + 68. Suppose -7*x - 4*u + 75 = -2*x, 0 = u + 5. Let p = x - 9. What is the remainder when g is divided by p?
7
Let n = 330 - 321. Suppose -n*x + 4*x + 70 = 0. What is the remainder when x is divided by 3?
2
What is the remainder when 658*19*22/209 is divided by 24?
20
Let o(a) = -3 - 10*a - 3*a + 7*a - 2. Let u(j) = 3*j + 3. Let p(x) = -6*o(x) - 13*u(x). What is the remainder when 106 is divided by p(-15)?
34
Suppose -82 = -2*s - 12. Calculate the remainder when s is divided by (-282)/(-22) + -1*((-588)/(-154) - 4).
9
Suppose -2*n - 362 = 3*h + 579, -n = h + 312. Let l = h - -364. What is the remainder when l is divided by 14 - 1/1*1?
8
Suppose 16*m + 118*m = 8*m + 5040. What is the remainder when (-3)/4 + (-1598)/(-8) is divided by m?
39
Let n(t) = -2*t**3 + 9*t**2 - 7*t + 4. Let d be n(4). Suppose 5*k + 96 = 86. Calculate the remainder when 5 is divided by 32/d + (4 - k).
1
Let t(f) = f**3 - 3*f**2 - 4*f + 6. Suppose -113*c - 186 + 6168 = 1349. What is the remainder when c is divided by t(4)?
5
Let g = -50 + 109. Let f(j) = -j**3 - 3*j**2 + 141*j + 1037. Calculate the remainder when f(-8) is divided by g.
52
Let g = -932 - -1368. Calculate the remainder when g is divided by 136.
28
Suppose 2*v - 46 = -4*f, 14 = -f + 3*f + 4*v. Let n(a) = a + 2. Let k be n(-2). What is the remainder when (k/(-3) - 1)/((-1)/23) is divided by f?
10
Let z be 0/(-3 + (-6)/3). Suppose z = 5*m - 3*i - 120, 3*m + 5*i = 78 - 40. Let r(h) = 8*h**2 - 3*h - 3. What is the remainder when r(-2) is divided by m?
14
Let u(s) = s**3 - 27*s**2 + 26*s + 23. Let b be (-4)/(3 - 164/52). Calculate the remainder when 68 is divided by u(b).
22
Let g = 665 - 453. Suppose 3*o = -t + g, 2*t + 2*o = 6*t - 876. Suppose -t - 251 = -7*i. Calculate the remainder when i is divided by 17.
16
Let y(b) = -2*b**3 - 12*b**2 - 10*b - 9. Let f be y(-9). Let x be (f/(-6))/(-3)*36/27. Suppose x = 6*l + 6. Calculate the remainder when 19 is divided by l.
1
Suppose 0*x = 3*x. Suppose q = -4*m + 406, -2*m - 2*q + x*q + 200 = 0. Calculate the remainder when m is divided by 21.
18
Let q(v) = 229*v + 1497. Calculate the remainder when q(-5) is divided by 219.
133
Let b(r) = r**3 - 9*r**2 + 22*r + 1. Suppose -5*s + 5*l - 10 = 0, -3*s + l = 2*l - 14. Calculate the remainder when 36 is divided by b(s).
10
Suppose 5*n - 8*n + 48 = 0. Suppose 0 = z, n = 26*t - 24*t + 5*z. Calculate the remainder when 11 is divided by t.
3
Let w(h) = 2*h**2 + 53*h - 1104. What is the remainder when w(30) is divided by 165?
141
Let q(u) = 67*u**3 - u**2 + 5*u - 4. Let k = -305 + 306. Calculate the remainder when q(k) is divided by 18.
13
Let r(a) = -19*a + 706. What is the remainder when 404 is divided by r(34)?
44
Let c = -420 + 1355. Suppose -7*h + c = 221. Calculate the remainder when h is divided by 26.
24
Let f = 72 - 69. Suppose -f*y - y = 3*n + 12, 15 = -5*y. Suppose n = -s - p + 9 + 4, 5*p - 14 = -2*s. What is the remainder when 62 is divided by s?
11
Calculate the remainder when 821 is divided by 96/(-384) + (-5)/4*-37.
39
Suppose -6*i + 568 = 2*i. Suppose 70*t - i*t = -29. Suppose 6*v - 212 = 2*v. Calculate the remainder when v is divided by t.
24
Let a(k) = 15*k**3 - 3*k**2 + 30*k - 29. Let x = 11 + -3. What is the remainder when a(1) is divided by 2/(-8) - (-74)/x?
4
Calculate the remainder when 2405 is divided by ((-29)/(-116))/((-2)/58)*-4.
27
Let k = -618 - -199. Let p = k - -427. Calculate the remainder when p is divided by 5*((-16)/10 - -2).
0
Let v = 112 - 22. Suppose -409 = -11*o - v. Calculate the remainder when 68 is divided by o.
10
Suppose 142*j - 137*j - 1905 = 0. Suppose 0 = -6*t + 231 + j. Calculate the remainder when t is divided by (-158)/(-6) - (-1)/(-3).
24
Suppose 2624 = 4*t + 976. Calculate the remainder when t is divided by 226796/(-23064)*(0 - 6*1).
58
Suppose -107 = -4*c - x, 5*c + 3*x = 123 + 23. Calculate the remainder when ((-212)/10)/((-6)/30) is divided by c.
6
Let m(h) = h**2 + h. Let u = -16282 + 16423. What is the remainder when u is divided by m(3)?
9
Let a be 2/3 + (-26)/(-6). Let t(b) = 17 + 2*b - 2*b - 4*b + a*b. What is the remainder when 118 is divided by t(0)?
16
Suppose 3*w - 210 = -0*w. Suppose -513 = -359*o + 332*o. What is the remainder when w is divided by o?
13
Let t = 73 + -68. Suppose -3*w + 28 = t*n, 2*w = 3*n + 2*n + 27. Calculate the remainder when 38 is divided by w.
5
Suppose -167*n - 173 = -3*a - 166*n, 5*a - 294 = -4*n. Suppose 0*t + 2*t + 32 = 0. What is the remainder when a is divided by (-200)/t*24/10?
28
Calculate the remainder when 6192/28 - ((-11)/(-77) - 1) is divided by 79.
64
Suppose 100*k + 64*k - 31160 = 0. What is the remainder when 1127 is divided by k?
177
Let k be 4*38*5/40. Suppose 22*p - k*p + h = 13, 5*p + 2*h - 22 = 0. Calculate the remainder when 12 is divided by p.
0
Let q(f) = -f**3 + 8*f**2 - 5*f - 6. Calculate the remainder when (0 - (-434)/4)*3612/6321 is divided by q(6).
26
Let r = -112 - -114. Suppose n + r*m = 3, -3*n + 21 = 4*m + 4. Calculate the remainder when 23 is divided by n.
1
Let l be 132*(4 + -1 + 2). Suppose 3*m - l = -3*m. Suppose g - 7*g = -84. Calculate the remainder when m is divided by g.
1